 remainder when 114377 is divided by 299?
159
Calculate the remainder when 8456265 is divided by 75.
15
Calculate the remainder when 565830 is divided by 4.
2
Calculate the remainder when 327716506 is divided by 55.
51
Calculate the remainder when 231582 is divided by 710.
122
What is the remainder when 1412421 is divided by 24779?
18
What is the remainder when 1085696 is divided by 47203?
27
Calculate the remainder when 654807 is divided by 2401.
1735
What is the remainder when 17848677 is divided by 734?
733
Calculate the remainder when 157047 is divided by 156898.
149
Calculate the remainder when 6493060 is divided by 3246523.
14
Calculate the remainder when 1853176 is divided by 588.
388
Calculate the remainder when 659971 is divided by 3543.
973
What is the remainder when 1334879 is divided by 938?
105
What is the remainder when 14756485 is divided by 7378201?
83
What is the remainder when 276048 is divided by 94?
64
What is the remainder when 20537989 is divided by 4703?
4691
What is the remainder when 128339 is divided by 239?
235
Calculate the remainder when 1653224 is divided by 4766.
4188
Calculate the remainder when 629197 is divided by 100.
97
Calculate the remainder when 440819 is divided by 84.
71
Calculate the remainder when 61946 is divided by 414.
260
Calculate the remainder when 2189608 is divided by 488.
440
Calculate the remainder when 130726 is divided by 1210.
46
What is the remainder when 37666457 is divided by 204709?
1
What is the remainder when 1292741 is divided by 430908?
17
Calculate the remainder when 1380836 is divided by 3389.
1513
Calculate the remainder when 263928 is divided by 43988.
0
What is the remainder when 143221 is divided by 1077?
1057
What is the remainder when 155120722 is divided by 222?
220
Calculate the remainder when 386713 is divided by 188.
185
What is the remainder when 11609169 is divided by 3130?
3129
Calculate the remainder when 1079587 is divided by 359845.
52
What is the remainder when 2293712 is divided by 374?
344
What is the remainder when 566686 is divided by 2782?
1940
What is the remainder when 10880140 is divided by 546?
544
Calculate the remainder when 160244 is divided by 7627.
77
Calculate the remainder when 569756 is divided by 2374.
2370
Calculate the remainder when 10909139 is divided by 270.
59
What is the remainder when 1961973 is divided by 392375?
98
Calculate the remainder when 46677 is divided by 9335.
2
Calculate the remainder when 99176 is divided by 1789.
781
Calculate the remainder when 76284 is divided by 1144.
780
What is the remainder when 3394 is divided by 189?
181
What is the remainder when 783693 is divided by 1836?
1557
What is the remainder when 52204 is divided by 3685?
614
What is the remainder when 28391 is divided by 1682?
1479
What is the remainder when 7133605 is divided by 1751?
31
Calculate the remainder when 87953 is divided by 195.
8
Calculate the remainder when 82834151 is divided by 15.
11
What is the remainder when 3548052 is divided by 8826?
0
What is the remainder when 937933 is divided by 27?
7
Calculate the remainder when 45990 is divided by 4072.
1198
Calculate the remainder when 5614930 is divided by 1871634.
28
What is the remainder when 36777071 is divided by 739?
736
What is the remainder when 2354528 is divided by 235443?
98
Calculate the remainder when 3863866 is divided by 235.
231
What is the remainder when 156314521 is divided by 27?
19
What is the remainder when 1406842 is divided by 27?
7
Calculate the remainder when 90375486 is divided by 112.
110
What is the remainder when 113809 is divided by 59?
57
Calculate the remainder when 305739 is divided by 4496.
11
Calculate the remainder when 2426211 is divided by 2426204.
7
Calculate the remainder when 2741155 is divided by 94522.
17
What is the remainder when 4615487 is divided by 4250?
4237
What is the remainder when 4026854 is divided by 11879?
11752
What is the remainder when 7804 is divided by 5841?
1963
Calculate the remainder when 4085484 is divided by 115.
109
What is the remainder when 61161300 is divided by 38083?
2
Calculate the remainder when 294737 is divided by 3878.
9
Calculate the remainder when 383184971 is divided by 145.
141
Calculate the remainder when 702641 is divided by 701666.
975
Calculate the remainder when 48528 is divided by 11777.
1420
What is the remainder when 323652 is divided by 1172?
180
What is the remainder when 117472 is divided by 56635?
4202
Calculate the remainder when 798854 is divided by 639.
104
What is the remainder when 272595166 is divided by 4109?
4106
What is the remainder when 12026 is divided by 805?
756
What is the remainder when 30270 is divided by 4186?
968
What is the remainder when 739118 is divided by 369503?
112
Calculate the remainder when 81945039 is divided by 81945025.
14
What is the remainder when 7404499 is divided by 336558?
223
What is the remainder when 266428 is divided by 14539?
4726
Calculate the remainder when 972499 is divided by 17045.
934
What is the remainder when 11868648 is divided by 2247?
2241
What is the remainder when 3982042 is divided by 51?
13
What is the remainder when 355646 is divided by 3663?
335
What is the remainder when 659695 is divided by 329831?
33
What is the remainder when 132344199 is divided by 5287?
15
What is the remainder when 63706512 is divided by 107?
103
What is the remainder when 2788899 is divided by 5859?
15
Calculate the remainder when 61601486 is divided by 1898.
1896
Calculate the remainder when 68334 is divided by 207.
24
What is the remainder when 639124 is divided by 102?
94
Calculate the remainder when 2153877 is divided by 430762.
67
Calculate the remainder when 1436514 is divided by 287301.
9
Calculate the remainder when 56163998 is divided by 26.
20
What is the remainder when 42799 is divided by 42147?
652
Calculate the remainder when 3340376 is divided by 668074.
6
What is the remainder when 3956345 is divided by 18?
17
Calculate the remainder when 10142156 is divided by 3380715.
11
Calculate the remainder when 211004 is divided by 183.
5
Calculate the remainder when 1131079 is divided by 4626.
2335
Calculate the remainder when 442614521 is divided by 2114.
2113
What is the remainder when 376479 is divided by 988?
51
Calculate the remainder when 173977 is divided by 3208.
745
What is the remainder when 3206837 is divided by 3859?
8
Calculate the remainder when 2278807019 is divided by 2781.
2780
Calculate the remainder when 84508 is divided by 1280.
28
Calculate the remainder when 5470 is divided by 3216.
2254
What is the remainder when 865682 is divided by 144280?
2
What is the remainder when 2381736 is divided by 753?
750
What is the remainder when 192771 is divided by 3217?
2968
What is the remainder when 28749626 is divided by 2376?
26
What is the remainder when 14813410 is divided by 14?
10
Calculate the remainder when 27894 is divided by 854.
566
Calculate the remainder when 27363838 is divided by 5.
3
What is the remainder when 1798743 is divided by 899370?
3
Calculate the remainder when 800400 is divided by 80039.
10
Calculate the remainder when 294978 is divided by 3274.
318
What is the remainder when 1260684 is divided by 1228?
756
What is the remainder when 209201 is divided by 4?
1
Calculate the remainder when 270754 is divided by 1260.
1114
What is the remainder when 1192086 is divided by 177?
168
Calculate the remainder when 538849015 is divided by 21.
19
What is the remainder when 275606 is divided by 1350?
206
Calculate the remainder when 194729 is divided by 194317.
412
Calculate the remainder when 33930557 is divided by 2171.
2169
Calculate the remainder when 13267999 is divided by 214.
213
What is the remainder when 1920519 is divided by 7562?
7333
What is the remainder when 12141401 is divided by 6070684?
33
What is the remainder when 7161047 is divided by 649?
630
Calculate the remainder when 1679393 is divided by 5090.
4783
What is the remainder when 133193 is divided by 26352?
1433
Calculate the remainder when 139239 is divided by 32670.
8559
Calculate the remainder when 111728 is divided by 1018.
766
Calculate the remainder when 188731 is divided by 31285.
1021
Calculate the remainder when 6917633 is divided by 1055.
1053
What is the r